{"id":120,"date":"2023-10-27T11:25:19","date_gmt":"2023-10-27T14:25:19","guid":{"rendered":"https:\/\/holosbrasilcompositos.com\/?page_id=120"},"modified":"2024-08-15T15:26:17","modified_gmt":"2024-08-15T18:26:17","slug":"design-e-projetos-especiais","status":"publish","type":"page","link":"https:\/\/holosbrasilcompositos.com\/index.php\/projetos-executados-por-profissionais-experientes\/design-e-projetos-especiais\/","title":{"rendered":"Design"},"content":{"rendered":"\t\t<div data-elementor-type=\"wp-page\" data-elementor-id=\"120\" class=\"elementor elementor-120\" data-elementor-post-type=\"page\">\n\t\t\t\t<div class=\"elementor-element elementor-element-e982dd8 e-flex e-con-boxed e-con e-parent\" data-id=\"e982dd8\" data-element_type=\"container\" data-e-type=\"container\">\n\t\t\t\t\t<div class=\"e-con-inner\">\n\t\t\t\t<div class=\"elementor-element elementor-element-44342b6 elementor-widget elementor-widget-heading\" data-id=\"44342b6\" data-element_type=\"widget\" data-e-type=\"widget\" data-widget_type=\"heading.default\">\n\t\t\t\t<div class=\"elementor-widget-container\">\n\t\t\t\t\t<h2 class=\"elementor-heading-title elementor-size-default\">DESIGN<\/h2>\t\t\t\t<\/div>\n\t\t\t\t<\/div>\n\t\t\t\t<div class=\"elementor-element elementor-element-34c5e33 elementor-widget elementor-widget-text-editor\" data-id=\"34c5e33\" data-element_type=\"widget\" data-e-type=\"widget\" data-widget_type=\"text-editor.default\">\n\t\t\t\t<div class=\"elementor-widget-container\">\n\t\t\t\t\t\t\t\t\t<p>A concep\u00e7\u00e3o do design passa, antes de tudo, por um processo de pesquisa, an\u00e1lise estrutural, testes de funcionalidade e de viabilidade t\u00e9cnica. A integra\u00e7\u00e3o do design aos m\u00e9todos mais adequados de modelagem e de lamina\u00e7\u00e3o, e a combina\u00e7\u00e3o correta de materiais para cada projeto, s\u00e3o fundamentais para atingir um padr\u00e3o de qualidade superior na fabrica\u00e7\u00e3o. Al\u00e9m de atender \u00e0s expectativas do cliente em termos pr\u00e1ticos, o design precisa garantir m\u00e1ximo desempenho ao produto.\u00a0<\/p>\t\t\t\t\t\t\t\t<\/div>\n\t\t\t\t<\/div>\n\t\t\t\t\t<\/div>\n\t\t\t\t<\/div>\n\t\t<div class=\"elementor-element elementor-element-80a0773 e-flex e-con-boxed e-con e-parent\" data-id=\"80a0773\" data-element_type=\"container\" data-e-type=\"container\">\n\t\t\t\t\t<div class=\"e-con-inner\">\n\t\t<div class=\"elementor-element elementor-element-4ac590f e-con-full e-flex e-con e-child\" data-id=\"4ac590f\" data-element_type=\"container\" data-e-type=\"container\">\n\t\t\t\t<div class=\"elementor-element elementor-element-5ab92ea elementor-widget elementor-widget-text-editor\" data-id=\"5ab92ea\" data-element_type=\"widget\" data-e-type=\"widget\" data-widget_type=\"text-editor.default\">\n\t\t\t\t<div class=\"elementor-widget-container\">\n\t\t\t\t\t\t\t\t\t<p>Mat\u00e9rias-primas e processos de lamina\u00e7\u00e3o s\u00e3o testados em condi\u00e7\u00f5es extremas, permitindo uma rela\u00e7\u00e3o perfeita entre design e efici\u00eancia, tirando o m\u00e1ximo proveito das vantagens que os comp\u00f3sitos oferecem em rela\u00e7\u00e3o a outros materiais: leveza, for\u00e7a, durabilidade e resist\u00eancia \u00e0 corros\u00e3o.<\/p>\t\t\t\t\t\t\t\t<\/div>\n\t\t\t\t<\/div>\n\t\t\t\t<div class=\"elementor-element elementor-element-f2245dc elementor-widget elementor-widget-text-editor\" data-id=\"f2245dc\" data-element_type=\"widget\" data-e-type=\"widget\" data-widget_type=\"text-editor.default\">\n\t\t\t\t<div class=\"elementor-widget-container\">\n\t\t\t\t\t\t\t\t\t<ul><li>Design de produtos, estruturas, pe\u00e7as, acess\u00f3rios e componentes: do conceito \u00e0 produ\u00e7\u00e3o<\/li><li>An\u00e1lise estrutural e de viabilidade t\u00e9cnica<\/li><li>Estudo de processos e mat\u00e9rias-primas mais adequados a cada design<\/li><li>Experimenta\u00e7\u00e3o, testagem e avalia\u00e7\u00e3o pr\u00e1tica<\/li><li>Equipe de design altamente capacitada<\/li><li>Expertise em comp\u00f3sitos avan\u00e7ados<\/li><li>Tecnologia CAD de ponta<\/li><li>Rela\u00e7\u00e3o precisa entre design e efici\u00eancia<\/li><\/ul>\t\t\t\t\t\t\t\t<\/div>\n\t\t\t\t<\/div>\n\t\t\t\t<\/div>\n\t\t<div class=\"elementor-element elementor-element-731fe2c e-con-full e-flex e-con e-child\" data-id=\"731fe2c\" data-element_type=\"container\" data-e-type=\"container\">\n\t\t\t\t<div class=\"elementor-element elementor-element-4d04b48 elementor--h-position-center elementor--v-position-middle elementor-widget elementor-widget-slides\" data-id=\"4d04b48\" data-element_type=\"widget\" data-e-type=\"widget\" data-settings=\"{&quot;navigation&quot;:&quot;none&quot;,&quot;transition&quot;:&quot;fade&quot;,&quot;autoplay&quot;:&quot;yes&quot;,&quot;pause_on_hover&quot;:&quot;yes&quot;,&quot;pause_on_interaction&quot;:&quot;yes&quot;,&quot;autoplay_speed&quot;:5000,&quot;infinite&quot;:&quot;yes&quot;,&quot;transition_speed&quot;:500}\" data-widget_type=\"slides.default\">\n\t\t\t\t<div class=\"elementor-widget-container\">\n\t\t\t\t\t\t\t\t\t<div class=\"elementor-swiper\">\n\t\t\t\t\t<div class=\"elementor-slides-wrapper elementor-main-swiper swiper\" role=\"region\" aria-roledescription=\"carousel\" aria-label=\"Slides\" dir=\"ltr\" data-animation=\"fadeInUp\">\n\t\t\t\t<div class=\"swiper-wrapper elementor-slides\">\n\t\t\t\t\t\t\t\t\t\t<div class=\"elementor-repeater-item-b0fba3e swiper-slide\" role=\"group\" aria-roledescription=\"slide\"><div class=\"swiper-slide-bg\" role=\"img\" aria-label=\"modulo-do-meio-ojgtbak67r90oa99urx8grz7gkgkxxbq21312dbij2\"><\/div><div class=\"swiper-slide-inner\" ><div class=\"swiper-slide-contents\"><\/div><\/div><\/div><div class=\"elementor-repeater-item-efe05c0 swiper-slide\" role=\"group\" aria-roledescription=\"slide\"><div class=\"swiper-slide-bg\" role=\"img\" aria-label=\"ECN-007-ojgtb7qnn955pgddb8pcraotoeuhau0j1n4kmjfndq\"><\/div><div class=\"swiper-slide-inner\" ><div class=\"swiper-slide-contents\"><\/div><\/div><\/div><div class=\"elementor-repeater-item-d61ba6c swiper-slide\" role=\"group\" aria-roledescription=\"slide\"><div class=\"swiper-slide-bg\" role=\"img\" aria-label=\"000-scaled\"><\/div><div class=\"swiper-slide-inner\" ><div class=\"swiper-slide-contents\"><\/div><\/div><\/div><div class=\"elementor-repeater-item-c089858 swiper-slide\" role=\"group\" aria-roledescription=\"slide\"><div class=\"swiper-slide-bg\" role=\"img\" aria-label=\"UAV\"><\/div><div class=\"swiper-slide-inner\" ><div class=\"swiper-slide-contents\"><\/div><\/div><\/div>\t\t\t\t<\/div>\n\t\t\t\t\t\t\t\t\t\t\t\t\t\t\t\t\t\t\t\t\t<\/div>\n\t\t\t\t<\/div>\n\t\t\t\t\t\t\t\t<\/div>\n\t\t\t\t<\/div>\n\t\t\t\t<\/div>\n\t\t\t\t\t<\/div>\n\t\t\t\t<\/div>\n\t\t<div class=\"elementor-element elementor-element-c09d43f e-con-full e-flex e-con e-parent\" data-id=\"c09d43f\" data-element_type=\"container\" data-e-type=\"container\">\n\t\t\t\t<div class=\"elementor-element elementor-element-40d1dfd elementor--h-position-center elementor--v-position-middle elementor-widget elementor-widget-slides\" data-id=\"40d1dfd\" data-element_type=\"widget\" data-e-type=\"widget\" data-settings=\"{&quot;navigation&quot;:&quot;none&quot;,&quot;autoplay&quot;:&quot;yes&quot;,&quot;pause_on_hover&quot;:&quot;yes&quot;,&quot;pause_on_interaction&quot;:&quot;yes&quot;,&quot;autoplay_speed&quot;:5000,&quot;infinite&quot;:&quot;yes&quot;,&quot;transition&quot;:&quot;slide&quot;,&quot;transition_speed&quot;:500}\" data-widget_type=\"slides.default\">\n\t\t\t\t<div class=\"elementor-widget-container\">\n\t\t\t\t\t\t\t\t\t<div class=\"elementor-swiper\">\n\t\t\t\t\t<div class=\"elementor-slides-wrapper elementor-main-swiper swiper\" role=\"region\" aria-roledescription=\"carousel\" aria-label=\"Slides\" dir=\"ltr\" data-animation=\"fadeInUp\">\n\t\t\t\t<div class=\"swiper-wrapper elementor-slides\">\n\t\t\t\t\t\t\t\t\t\t<div class=\"elementor-repeater-item-b0fba3e swiper-slide\" role=\"group\" aria-roledescription=\"slide\"><div class=\"swiper-slide-bg\" role=\"img\" aria-label=\"DSC00479-scaled\"><\/div><div class=\"swiper-slide-inner\" ><div class=\"swiper-slide-contents\"><\/div><\/div><\/div><div class=\"elementor-repeater-item-efe05c0 swiper-slide\" role=\"group\" aria-roledescription=\"slide\"><div class=\"swiper-slide-bg\" role=\"img\" aria-label=\"IMG_7552-scaled\"><\/div><div class=\"swiper-slide-inner\" ><div class=\"swiper-slide-contents\"><\/div><\/div><\/div><div class=\"elementor-repeater-item-d61ba6c swiper-slide\" role=\"group\" aria-roledescription=\"slide\"><div class=\"swiper-slide-bg\" role=\"img\" aria-label=\"IMG_0037-scaled\"><\/div><div class=\"swiper-slide-inner\" ><div class=\"swiper-slide-contents\"><\/div><\/div><\/div>\t\t\t\t<\/div>\n\t\t\t\t\t\t\t\t\t\t\t\t\t\t\t\t\t\t\t\t\t<\/div>\n\t\t\t\t<\/div>\n\t\t\t\t\t\t\t\t<\/div>\n\t\t\t\t<\/div>\n\t\t\t\t<\/div>\n\t\t<div class=\"elementor-element elementor-element-33d7beb e-flex e-con-boxed e-con e-parent\" data-id=\"33d7beb\" data-element_type=\"container\" data-e-type=\"container\">\n\t\t\t\t\t<div class=\"e-con-inner\">\n\t\t\t\t<div class=\"elementor-element elementor-element-a6e23b6 elementor-widget elementor-widget-heading\" data-id=\"a6e23b6\" data-element_type=\"widget\" data-e-type=\"widget\" data-widget_type=\"heading.default\">\n\t\t\t\t<div class=\"elementor-widget-container\">\n\t\t\t\t\t<h2 class=\"elementor-heading-title elementor-size-default\">PROJETOS ESPECIAIS<\/h2>\t\t\t\t<\/div>\n\t\t\t\t<\/div>\n\t\t\t\t<div class=\"elementor-element elementor-element-43dc61a elementor-widget elementor-widget-text-editor\" data-id=\"43dc61a\" data-element_type=\"widget\" data-e-type=\"widget\" data-widget_type=\"text-editor.default\">\n\t\t\t\t<div class=\"elementor-widget-container\">\n\t\t\t\t\t\t\t\t\t<p>O desenvolvimento de projetos \u2014 do design ao produto final \u2014 para atender \u00e0s necessidades espec\u00edficas do cliente \u00e9 um dos pontos fortes da empresa, que est\u00e1 sempre em busca de novos desafios. Compreendendo o que cada um deles espera em rela\u00e7\u00e3o \u00e0 funcionalidade e performance, \u00e9 poss\u00edvel encontrar a solu\u00e7\u00e3o ideal, superar limites e surpreender com alternativas eficazes que representam economia de tempo e de custo. Nesse aspecto, a pesquisa ocupa um lugar especial no processo.\u00a0<\/p><p>A leveza e a resist\u00eancia dos comp\u00f3sitos t\u00eam permitido que projetos antes invi\u00e1veis tornem-se reais, em benef\u00edcio de toda a sociedade. Alcan\u00e7ar o inimagin\u00e1vel; estabelecer parcerias produtivas com clientes, empresas de ponta, institui\u00e7\u00f5es de pesquisa e universidades; buscar novas tecnologias para concretizar ideias; s\u00e3o objetivos constantes.\u00a0<\/p>\t\t\t\t\t\t\t\t<\/div>\n\t\t\t\t<\/div>\n\t\t\t\t\t<\/div>\n\t\t\t\t<\/div>\n\t\t<div class=\"elementor-element elementor-element-39b1a4f e-flex e-con-boxed e-con e-parent\" data-id=\"39b1a4f\" data-element_type=\"container\" data-e-type=\"container\">\n\t\t\t\t\t<div class=\"e-con-inner\">\n\t\t<div class=\"elementor-element elementor-element-674facb e-con-full e-flex e-con e-child\" data-id=\"674facb\" data-element_type=\"container\" data-e-type=\"container\">\n\t\t\t\t<div class=\"elementor-element elementor-element-eb97e96 elementor-widget elementor-widget-text-editor\" data-id=\"eb97e96\" data-element_type=\"widget\" data-e-type=\"widget\" data-widget_type=\"text-editor.default\">\n\t\t\t\t<div class=\"elementor-widget-container\">\n\t\t\t\t\t\t\t\t\t<ul><li>Pesquisa, design e desenvolvimento de produtos exclusivos<\/li><li>Capacidade de atender demandas espec\u00edficas de cada cliente<\/li><li>Experi\u00eancia no uso de mat\u00e9rias-primas para alta performance<\/li><li>Escolha do processo de fabrica\u00e7\u00e3o mais adequado com economia de tempo e custo<\/li><li>Testagem de materiais e prot\u00f3tipos em condi\u00e7\u00f5es extremas<\/li><li>Conhecimento t\u00e9cnico e inova\u00e7\u00e3o para superar limites<\/li><li>Busca de solu\u00e7\u00f5es eficientes para projetos desafiadores<\/li><\/ul>\t\t\t\t\t\t\t\t<\/div>\n\t\t\t\t<\/div>\n\t\t\t\t<\/div>\n\t\t<div class=\"elementor-element elementor-element-6b8eefc e-con-full e-flex e-con e-child\" data-id=\"6b8eefc\" data-element_type=\"container\" data-e-type=\"container\">\n\t\t\t\t<div class=\"elementor-element elementor-element-ec8a1b1 elementor--h-position-center elementor--v-position-middle elementor-widget elementor-widget-slides\" data-id=\"ec8a1b1\" data-element_type=\"widget\" data-e-type=\"widget\" data-settings=\"{&quot;navigation&quot;:&quot;none&quot;,&quot;transition&quot;:&quot;fade&quot;,&quot;autoplay&quot;:&quot;yes&quot;,&quot;pause_on_hover&quot;:&quot;yes&quot;,&quot;pause_on_interaction&quot;:&quot;yes&quot;,&quot;autoplay_speed&quot;:5000,&quot;infinite&quot;:&quot;yes&quot;,&quot;transition_speed&quot;:500}\" data-widget_type=\"slides.default\">\n\t\t\t\t<div class=\"elementor-widget-container\">\n\t\t\t\t\t\t\t\t\t<div class=\"elementor-swiper\">\n\t\t\t\t\t<div class=\"elementor-slides-wrapper elementor-main-swiper swiper\" role=\"region\" aria-roledescription=\"carousel\" aria-label=\"Slides\" dir=\"ltr\" data-animation=\"fadeInUp\">\n\t\t\t\t<div class=\"swiper-wrapper elementor-slides\">\n\t\t\t\t\t\t\t\t\t\t<div class=\"elementor-repeater-item-b0fba3e swiper-slide\" role=\"group\" aria-roledescription=\"slide\"><div class=\"swiper-slide-bg\" role=\"img\" aria-label=\"20151203_154429\"><\/div><div class=\"swiper-slide-inner\" ><div class=\"swiper-slide-contents\"><\/div><\/div><\/div><div class=\"elementor-repeater-item-d61ba6c swiper-slide\" role=\"group\" aria-roledescription=\"slide\"><div class=\"swiper-slide-bg\" role=\"img\" aria-label=\"SAM_0043-scaled\"><\/div><div class=\"swiper-slide-inner\" ><div class=\"swiper-slide-contents\"><\/div><\/div><\/div><div class=\"elementor-repeater-item-c089858 swiper-slide\" role=\"group\" aria-roledescription=\"slide\"><div class=\"swiper-slide-bg\" role=\"img\" aria-label=\"carrinholuz-scaled\"><\/div><div class=\"swiper-slide-inner\" ><div class=\"swiper-slide-contents\"><\/div><\/div><\/div>\t\t\t\t<\/div>\n\t\t\t\t\t\t\t\t\t\t\t\t\t\t\t\t\t\t\t\t\t<\/div>\n\t\t\t\t<\/div>\n\t\t\t\t\t\t\t\t<\/div>\n\t\t\t\t<\/div>\n\t\t\t\t<\/div>\n\t\t\t\t\t<\/div>\n\t\t\t\t<\/div>\n\t\t\t\t<\/div>\n\t\t","protected":false},"excerpt":{"rendered":"<p>DESIGN A concep\u00e7\u00e3o do design passa, antes de tudo, por um processo de pesquisa, an\u00e1lise estrutural, testes de funcionalidade e de viabilidade t\u00e9cnica. A integra\u00e7\u00e3o do design aos m\u00e9todos mais adequados de modelagem e de lamina\u00e7\u00e3o, e a combina\u00e7\u00e3o correta de materiais para cada projeto, s\u00e3o fundamentais para atingir um padr\u00e3o de qualidade superior na [&hellip;]<\/p>\n","protected":false},"author":1,"featured_media":384,"parent":148,"menu_order":0,"comment_status":"closed","ping_status":"closed","template":"","meta":{"jetpack_post_was_ever_published":false,"footnotes":""},"class_list":["post-120","page","type-page","status-publish","has-post-thumbnail","hentry"],"aioseo_notices":[],"jetpack-related-posts":[],"jetpack_sharing_enabled":true,"_links":{"self":[{"href":"https:\/\/holosbrasilcompositos.com\/index.php\/wp-json\/wp\/v2\/pages\/120","targetHints":{"allow":["GET"]}}],"collection":[{"href":"https:\/\/holosbrasilcompositos.com\/index.php\/wp-json\/wp\/v2\/pages"}],"about":[{"href":"https:\/\/holosbrasilcompositos.com\/index.php\/wp-json\/wp\/v2\/types\/page"}],"author":[{"embeddable":true,"href":"https:\/\/holosbrasilcompositos.com\/index.php\/wp-json\/wp\/v2\/users\/1"}],"replies":[{"embeddable":true,"href":"https:\/\/holosbrasilcompositos.com\/index.php\/wp-json\/wp\/v2\/comments?post=120"}],"version-history":[{"count":13,"href":"https:\/\/holosbrasilcompositos.com\/index.php\/wp-json\/wp\/v2\/pages\/120\/revisions"}],"predecessor-version":[{"id":504,"href":"https:\/\/holosbrasilcompositos.com\/index.php\/wp-json\/wp\/v2\/pages\/120\/revisions\/504"}],"up":[{"embeddable":true,"href":"https:\/\/holosbrasilcompositos.com\/index.php\/wp-json\/wp\/v2\/pages\/148"}],"wp:featuredmedia":[{"embeddable":true,"href":"https:\/\/holosbrasilcompositos.com\/index.php\/wp-json\/wp\/v2\/media\/384"}],"wp:attachment":[{"href":"https:\/\/holosbrasilcompositos.com\/index.php\/wp-json\/wp\/v2\/media?parent=120"}],"curies":[{"name":"wp","href":"https:\/\/api.w.org\/{rel}","templated":true}]}}